3 a composite number?
True
Is 7279 prime?
False
Is 73709 a prime number?
True
Is 66029 prime?
True
Is 66635 prime?
False
Is 14242 a composite number?
True
Is 3293 a prime number?
False
Is 303806 a composite number?
True
Is 753 prime?
False
Is 131321 composite?
False
Is 74581 composite?
True
Is 36257 prime?
False
Is 184309 prime?
True
Is 137399 a prime number?
True
Is 9763 a composite number?
True
Is 40423 prime?
True
Is 1453057 a prime number?
True
Is 39166 a prime number?
False
Is 31531 composite?
False
Is 97297 a prime number?
False
Is 28967 prime?
False
Is 282143 prime?
True
Is 301123 a composite number?
False
Is 2285 composite?
True
Is 164431 a composite number?
False
Is 160807 a composite number?
False
Is 59441 prime?
True
Is 1119409 a composite number?
True
Is 8219 a composite number?
False
Is 63499 prime?
True
Is 12853 a prime number?
True
Is 284191 a composite number?
False
Is 15107 prime?
True
Is 52913 a composite number?
True
Is 10883 composite?
False
Is 11441 a prime number?
False
Is 30007 prime?
False
Is 97 prime?
True
Is 185239 composite?
True
Is 959561 composite?
False
Is 126271 a composite number?
False
Is 60739 a prime number?
False
Is 830289 composite?
True
Is 51449 composite?
False
Is 8341 a prime number?
False
Is 47335 composite?
True
Is 671083 prime?
False
Is 20785 a composite number?
True
Is 207287 composite?
False
Is 69999 a prime number?
False
Is 14173 a composite number?
False
Is 3799 prime?
False
Is 654241 composite?
True
Is 68051 composite?
True
Is 232293 a composite number?
True
Is 703829 composite?
True
Is 974 composite?
True
Is 1467989 a prime number?
True
Is 286383 a prime number?
False
Is 18869 a composite number?
False
Is 62633 prime?
True
Is 202603 a composite number?
True
Is 25399 a prime number?
False
Is 163973 a composite number?
False
Is 119473 composite?
True
Is 360391 prime?
True
Is 821 a composite number?
False
Is 85927 prime?
False
Is 5297 a prime number?
True
Is 95617 a composite number?
False
Is 11303 prime?
False
Is 252817 prime?
True
Is 125485 a prime number?
False
Is 5147 a composite number?
False
Is 223 prime?
True
Is 177167 prime?
True
Is 168599 prime?
True
Is 5669 a composite number?
False
Is 226 a composite number?
True
Is 77839 composite?
False
Is 76501 prime?
False
Is 75877 a prime number?
False
Is 1087 composite?
False
Is 64483 composite?
False
Is 644503 composite?
True
Is 691 prime?
True
Is 312899 a prime number?
True
Is 9983 a composite number?
True
Is 16751 a prime number?
False
Is 514 a prime number?
False
Is 360239 a composite number?
True
Is 20611 a composite number?
False
Is 108133 a prime number?
False
Is 520843 prime?
False
Is 1357415 prime?
False
Is 74773 a composite number?
True
Is 3998 composite?
True
Is 1614647 a composite number?
False
Is 1332631 prime?
True
Is 609979 prime?
True
Is 4379 a composite number?
True
Is 107878 composite?
True
Is 11967 prime?
False
Is 493319 prime?
False
Is 2081 composite?
False
Is 119159 a composite number?
False
Is 530687 prime?
False
Is 9391 composite?
False
Is 2995937 a prime number?
False
Is 281657 composite?
True
Is 1332251 a prime number?
True
Is 5191 prime?
False
Is 1314917 a composite number?
False
Is 70289 a composite number?
False
Is 51571 a prime number?
False
Is 399649 a composite number?
True
Is 21241 prime?
False
Is 5039 prime?
True
Is 400669 composite?
True
Is 9871 composite?
False
Is 41161 a composite number?
False
Is 1132123 a composite number?
False
Is 521 a prime number?
True
Is 2427 composite?
True
Is 1438707 prime?
False
Is 415759 a prime number?
True
Is 1759 composite?
False
Is 43671 composite?
True
Is 40193 prime?
True
Is 5923 prime?
True
Is 2449087 a prime number?
True
Is 1973 prime?
True
Is 57467 a prime number?
True
Is 19823 composite?
True
Is 19259 a prime number?
True
Is 1297549 a composite number?
True
Is 251 a prime number?
True
Is 671711 a prime number?
False
Is 21647 composite?
False
Is 4609 composite?
True
Is 115421 a prime number?
True
Is 23867 prime?
False
Is 9263 a prime number?
False
Is 5147 a prime number?
True
Is 134741 a composite number?
False
Is 29917 composite?
False
Is 965683 a prime number?
False
Is 1369 composite?
True
Is 1409 a prime number?
True
Is 52289 prime?
True
Is 35587 a prime number?
False
Is 392957 composite?
False
Is 5437 prime?
True
Is 44879 a composite number?
False
Is 35251 prime?
True
Is 122641 a composite number?
True
Is 243647 a composite number?
False
Is 4751 prime?
True
Is 3421 a prime number?
False
Is 226286 composite?
True
Is 112427 prime?
False
Is 27499 a composite number?
True
Is 156311 prime?
False
Is 1510863 a composite number?
True
Is 3973 composite?
True
Is 59282 composite?
True
Is 26549 a prime number?
False
Is 16570429 prime?
True
Is 6082 prime?
False
Is 18199 composite?
False
Is 9235 prime?
False
Is 42043 prime?
True
Is 6982 composite?
True
Is 396287 prime?
False
Is 130423 a composite number?
False
Is 2579 prime?
True
Is 85231 a composite number?
True
Is 306913 prime?
True
Is 26759 prime?
True
Is 1639 a composite number?
True
Is 6353 a composite number?
False
Is 907 a prime number?
True
Is 46853 a prime number?
True
Is 24943 prime?
True
Is 27431 composite?
False
Is 78947 a composite number?
True
Is 138721 a prime number?
False
Is 25481 a prime number?
False
Is 919381 a composite number?
False
Is 3011 composite?
False
Is 857113 a composite number?
True
Is 369003 prime?
False
Is 42557 a prime number?
True
Is 48687 prime?
False
Is 1310251 a prime number?
True
Is 2897 a composite number?
False
Is 23645 prime?
False
Is 4237 a composite number?
True
Is 246011 a composite number?
False
Is 37409 a composite number?
False
Is 107083 prime?
False
Is 1949 a composite number?
False
Is 33095 composite?
True
Is 1018559 a prime number?
True
Is 30449 a composite number?
False
Is 199643 a composite number?
True
Is 646181 prime?
True
Is 34601 composite?
True
Is 6623 a composite number?
True
Is 156089 prime?
True
Is 117239 prime?
True
Is 8285 a prime number?
False
Is 8353 a composite number?
False
Is 66587 composite?
False
Is 1087171 a composite number?
True
Is 59315 composite?
True
Is 5578 composite?
True
Is 352991 prime?
True
Is 1369835 prime?
False
Is 151945 a prime number?
False
Is 8061 composite?
True
Is 4417 composite?
True
Is 485 a composite number?
True
Is 15627 a prime number?
False
Is 26153 a composite number?
False
Is 485941 composite?
False
Is 2449097 prime?
False
Is 157 a composite number?
False
Is 935939 a composite number?
True
Is 78769 prime?
False
Is 7899 a composite number?
True
Is 13103 a prime number?
True
Is 10715 prime?
False
Is 65663 composite?
True
Is 183119 composite?
False
Is 7219 composite?
False
Is 93281 a prime number?
True
Is 97301 a composite number?
False
Is 4853 prime?
False
Is 194309 prime?
True
Is 337253 composite?
True
Is 49451 composite?
False
Is 16279 composite?
True
Is 574577 a composite number?
True
Is 4327 composite?
False
Is 86503 composite?
True
Is 201671 a composite number?
True
Is 89561 a composite number?
False
Is 2533 composite?
True
Is 12037 a composite number?
False
Is 5141945 composite?
True
Is 43237 a prime number?
True
Is 23663 composite?
False
Is 1057807 a prime number?
True
Is 9257 composite?
False
Is 353561 composite?
True
Is 24623 a composite number?
False
Is 45989 a prime number?
True
Is 109801 a prime number?
False
Is 7041 a composite number?
True
Is 27823 a composite number?
False
Is 172015 prime?
False
Is 19277 prime?
False
Is 2459 a prime number?
True
Is 17693 a prime number?
False
Is 44509 prime?
False
Is 4487 a composite number?
True
Is 328529 a composite number?
True
Is 858887 a composite number?
True
Is 50017 prime?
False
Is 31247 composite?
False
Is 26513 prime?
True
Is 158909 a prime number?
True
Is 995237 prime?
True
Is 8705 a prime number?
False
Is 135895 a prime number?
False
Is 38639 a prime number?
True
Is 267107 a composite number?
True
Is 459551 a composite number?
True
Is 3247 prime?
False
Is 3793 a prime number?
True
Is 477131 a prime number?
True
Is 4727 a composite number?
True
Is 4326229 prime?
True
Is 300283 composite?
True
Is 2768767 prime?
True
Is 152879 a prime number?
True
Is 427837 a composite number?
True
Is 522049 composite?
True
Is 21433 composite?
False
Is 9293 a prime number?
True
Is 10577 a composite